{"id":3013,"date":"2025-02-04T10:15:03","date_gmt":"2025-02-04T09:15:03","guid":{"rendered":"https:\/\/velo-pdl.fr\/?post_type=tribe_events&#038;p=3013"},"modified":"2025-02-04T17:00:29","modified_gmt":"2025-02-04T16:00:29","slug":"cafe-des-assos","status":"publish","type":"tribe_events","link":"https:\/\/velo-pdl.fr\/index.php\/event\/cafe-des-assos\/","title":{"rendered":"Caf\u00e9 des assos"},"content":{"rendered":"<p>Le prochain caf\u00e9 des assos sera consacr\u00e9 \u00e0 la th\u00e9matique \u00a0\u00bb\u00a0<strong>Devenir une asso employeuse \u00a0\u00bb\u00a0<\/strong>.\u00a0<i>Que mettre dans une fiche de poste ? Quelle d\u00e9finition du r\u00f4le salari\u00e9 et de la gouvernance ? Quel mod\u00e8le \u00e9conomique si nous souhaitons un salari\u00e9 ?\u00a0<\/i>Autant de questions que se posent les assos qui r\u00e9fl\u00e9chissent \u00e0 devenir employeuses. Et bien cela tombe bien, un caf\u00e9 des assos se tiendra justement sur cette th\u00e9matique !<\/p>\n<p>Pour ce caf\u00e9 qui recroise des\u00a0<strong>enjeux souvent complexes<\/strong>, il est pr\u00e9f\u00e9rable que le sujet ait\u00a0<strong>d\u00e9j\u00e0 fait l&rsquo;objet d&rsquo;une r\u00e9flexion\u00a0<\/strong>un peu avanc\u00e9e en interne.<\/p>\n<p>Le lien de connexion est disponible sur notre derni\u00e8re newsletter et sur le groupe whatsapp d\u00e9di\u00e9.<\/p>\n","protected":false},"excerpt":{"rendered":"<p>Le prochain caf\u00e9 des assos sera consacr\u00e9 \u00e0 la th\u00e9matique \u00a0\u00bb\u00a0Devenir une asso employeuse \u00a0\u00bb\u00a0.\u00a0Que mettre dans une fiche de poste ? Quelle d\u00e9finition du r\u00f4le salari\u00e9 et de la [&hellip;]<\/p>\n","protected":false},"author":5,"featured_media":0,"template":"","meta":{"_tribe_events_status":"","_tribe_events_status_reason":"","footnotes":""},"tags":[39],"tribe_events_cat":[38],"class_list":["post-3013","tribe_events","type-tribe_events","status-publish","hentry","tag-evenement-du-collectif","tribe_events_cat-evenement-du-collectif","cat_evenement-du-collectif"],"_links":{"self":[{"href":"https:\/\/velo-pdl.fr\/index.php\/wp-json\/wp\/v2\/tribe_events\/3013","targetHints":{"allow":["GET"]}}],"collection":[{"href":"https:\/\/velo-pdl.fr\/index.php\/wp-json\/wp\/v2\/tribe_events"}],"about":[{"href":"https:\/\/velo-pdl.fr\/index.php\/wp-json\/wp\/v2\/types\/tribe_events"}],"author":[{"embeddable":true,"href":"https:\/\/velo-pdl.fr\/index.php\/wp-json\/wp\/v2\/users\/5"}],"version-history":[{"count":2,"href":"https:\/\/velo-pdl.fr\/index.php\/wp-json\/wp\/v2\/tribe_events\/3013\/revisions"}],"predecessor-version":[{"id":3036,"href":"https:\/\/velo-pdl.fr\/index.php\/wp-json\/wp\/v2\/tribe_events\/3013\/revisions\/3036"}],"wp:attachment":[{"href":"https:\/\/velo-pdl.fr\/index.php\/wp-json\/wp\/v2\/media?parent=3013"}],"wp:term":[{"taxonomy":"post_tag","embeddable":true,"href":"https:\/\/velo-pdl.fr\/index.php\/wp-json\/wp\/v2\/tags?post=3013"},{"taxonomy":"tribe_events_cat","embeddable":true,"href":"https:\/\/velo-pdl.fr\/index.php\/wp-json\/wp\/v2\/tribe_events_cat?post=3013"}],"curies":[{"name":"wp","href":"https:\/\/api.w.org\/{rel}","templated":true}]}}

Café des assos

<p>Le prochain café des assos sera consacré à la thématique  » <strong>Devenir une asso employeuse  » </strong>. <i>Que mettre dans une fiche de poste ? Quelle définition du rôle salarié et de la gouvernance ? Quel modèle économique si nous souhaitons un salarié ? </i>Autant de questions que se posent les assos qui réfléchissent à devenir employeuses. Et bien cela tombe bien, un café des assos se tiendra justement sur cette thématique !</p>
<p>Pour ce café qui recroise des <strong>enjeux souvent complexes</strong>, il est préférable que le sujet ait <strong>déjà fait l&rsquo;objet d&rsquo;une réflexion </strong>un peu avancée en interne.</p>
<p>Le lien de connexion est disponible sur notre dernière newsletter et sur le groupe whatsapp dédié.</p>

<p>Le prochain café des assos sera consacré à la thématique  » Devenir une asso employeuse  » . Que mettre dans une fiche de poste ? Quelle définition du rôle salarié et de la [&hellip;]</p>
