{"id":756,"date":"2021-08-15T12:12:23","date_gmt":"2021-08-15T10:12:23","guid":{"rendered":"https:\/\/velo-paysdelaloire.fr\/?page_id=756"},"modified":"2025-11-18T17:58:44","modified_gmt":"2025-11-18T16:58:44","slug":"objectifs-du-collectif","status":"publish","type":"page","link":"https:\/\/velo-pdl.fr\/index.php\/objectifs-du-collectif\/","title":{"rendered":"Nos missions"},"content":{"rendered":"<div id=\"ez-toc-container\" class=\"ez-toc-v2_0_82_2 counter-hierarchy ez-toc-counter ez-toc-grey ez-toc-container-direction\">\n<div class=\"ez-toc-title-container\">\n<p class=\"ez-toc-title\" style=\"cursor:inherit\">Table des mati\u00e8res<\/p>\n<span class=\"ez-toc-title-toggle\"><a href=\"#\" class=\"ez-toc-pull-right ez-toc-btn ez-toc-btn-xs ez-toc-btn-default ez-toc-toggle\" aria-label=\"Toggle Table of Content\"><span class=\"ez-toc-js-icon-con\"><span class=\"\"><span class=\"eztoc-hide\" style=\"display:none;\">Toggle<\/span><span class=\"ez-toc-icon-toggle-span\"><svg style=\"fill: #999;color:#999\" xmlns=\"http:\/\/www.w3.org\/2000\/svg\" class=\"list-377408\" width=\"20px\" height=\"20px\" viewBox=\"0 0 24 24\" fill=\"none\"><path d=\"M6 6H4v2h2V6zm14 0H8v2h12V6zM4 11h2v2H4v-2zm16 0H8v2h12v-2zM4 16h2v2H4v-2zm16 0H8v2h12v-2z\" fill=\"currentColor\"><\/path><\/svg><svg style=\"fill: #999;color:#999\" class=\"arrow-unsorted-368013\" xmlns=\"http:\/\/www.w3.org\/2000\/svg\" width=\"10px\" height=\"10px\" viewBox=\"0 0 24 24\" version=\"1.2\" baseProfile=\"tiny\"><path d=\"M18.2 9.3l-6.2-6.3-6.2 6.3c-.2.2-.3.4-.3.7s.1.5.3.7c.2.2.4.3.7.3h11c.3 0 .5-.1.7-.3.2-.2.3-.5.3-.7s-.1-.5-.3-.7zM5.8 14.7l6.2 6.3 6.2-6.3c.2-.2.3-.5.3-.7s-.1-.5-.3-.7c-.2-.2-.4-.3-.7-.3h-11c-.3 0-.5.1-.7.3-.2.2-.3.5-.3.7s.1.5.3.7z\"\/><\/svg><\/span><\/span><\/span><\/a><\/span><\/div>\n<nav><ul class='ez-toc-list ez-toc-list-level-1 ' ><li class='ez-toc-page-1 ez-toc-heading-level-2'><a class=\"ez-toc-link ez-toc-heading-1\" href=\"https:\/\/velo-pdl.fr\/index.php\/objectifs-du-collectif\/#Le_Collectif\" >Le Collectif\u00a0<\/a><\/li><li class='ez-toc-page-1 ez-toc-heading-level-2'><a class=\"ez-toc-link ez-toc-heading-2\" href=\"https:\/\/velo-pdl.fr\/index.php\/objectifs-du-collectif\/#Nos_missions\" >Nos missions<\/a><\/li><li class='ez-toc-page-1 ez-toc-heading-level-2'><a class=\"ez-toc-link ez-toc-heading-3\" href=\"https:\/\/velo-pdl.fr\/index.php\/objectifs-du-collectif\/#Lequipe_du_Collectif\" >L&rsquo;\u00e9quipe du Collectif<\/a><\/li><li class='ez-toc-page-1 ez-toc-heading-level-2'><a class=\"ez-toc-link ez-toc-heading-4\" href=\"https:\/\/velo-pdl.fr\/index.php\/objectifs-du-collectif\/#Rapports_bilan_dactivites\" >Rapports &amp; bilan d&rsquo;activit\u00e9s<\/a><\/li><\/ul><\/nav><\/div>\n<h2><span class=\"ez-toc-section\" id=\"Le_Collectif\"><\/span><strong>Le Collectif\u00a0<\/strong><span class=\"ez-toc-section-end\"><\/span><\/h2>\n<p>Cr\u00e9e en 2020 de mani\u00e8re informelle autour de 18 associations fondatrices, le collectif V\u00e9lo Pays de la Loire est depuis octobre 2023 une f\u00e9d\u00e9ration d&rsquo;associations ind\u00e9pendante.<br \/>\nLe Collectif V\u00e9lo Pays-de-la-Loire est constitu\u00e9 d&rsquo;une trentaine d&rsquo;associations r\u00e9parties dans toute la r\u00e9gion.<\/p>\n<p>Les associations du collectif partagent toutes l&rsquo;objectif que chacune et chacun puissent se d\u00e9placer \u00e0 v\u00e9lo en s\u00e9curit\u00e9, comme moyen alternatif \u00e0 la voiture et compl\u00e9mentaire des transports en commun et des autres modes actifs.<\/p>\n<p><a href=\"https:\/\/velo-pdl.fr\/index.php\/associations-membres\/\">Voir nos associations membres<\/a><\/p>\n<p>Le Collectif a pour objet de porter une voix v\u00e9lo puissante et unifi\u00e9e dans la r\u00e9gion des Pays de la Loire.<\/p>\n<h2><span class=\"ez-toc-section\" id=\"Nos_missions\"><\/span><strong>Nos missions<\/strong><span class=\"ez-toc-section-end\"><\/span><\/h2>\n<p><strong>Appui au d\u00e9veloppement des associations locales<\/strong><\/p>\n<ul>\n<li>Le Collectif accompagne ces associations membres tout au long de leur cycle de vie : de la cr\u00e9ation, \u00e0 la consolidation des activit\u00e9s, ainsi que lors des ruptures de cycle.<br \/>\nCet appui aux associations contribue notamment \u00e0 mieux mailler le territoire.<br \/>\nCes accompagnements sont particuli\u00e8rement essentiels au moment de la cr\u00e9ation, ou lorsque les associations ont pour projet de d\u00e9velopper des projets qui modifient profond\u00e9ment l&rsquo;activit\u00e9 de l&rsquo;association, lors de l&#8217;embauche de personnes salari\u00e9es notamment.<\/li>\n<li>\u00a0Le Collectif permet aux associations membres de mettre en commun des comp\u00e9tences, des id\u00e9es, des ressources et certaines actions, notamment en mati\u00e8re de formations.<\/li>\n<li>L&rsquo;\u00e9quipe du Collectif s&rsquo;investit ainsi au quotidien pour construire des outils et fiches techniques utiles \u00e0 ses membres, accompagner individuellement ou collectivement ses membres dans le d\u00e9veloppement de leur structure et leurs activit\u00e9s et proposer un programme de formation adapt\u00e9.<\/li>\n<\/ul>\n<p>&nbsp;<\/p>\n<p><strong>Accompagnement des collectivit\u00e9s\u00a0<\/strong><\/p>\n<p>Le Collectif porte au nom de ses associations membres une voix puissante afin d&rsquo;am\u00e9liorer les conditions de circulation \u00e0 v\u00e9lo, et \u0153uvre pour permettre \u00e0 toutes et tous de pouvoir choisir le v\u00e9lo comme moyen de transport alternatif aux solutions motoris\u00e9es.<\/p>\n<p>Cet accompagnement du collectif se traduit par un dialogue permanant entre le collectif et les acteurs de la mobilit\u00e9 au niveau intercommunal, d\u00e9partemental et r\u00e9gional, afin de porter les besoins et attentes des personnes \u00e0 v\u00e9lo.<\/p>\n<p>&nbsp;<\/p>\n<table style=\"width: 100%; border-collapse: collapse; border-style: solid; background-color: #afc5f0;\">\n<tbody>\n<tr>\n<td style=\"width: 1057px; text-align: center;\">Pour continuer \u00e0 comprendre qui est le collectif, ces missions, et sa place dans l&rsquo;\u00e9cosyst\u00e8me v\u00e9lo lig\u00e9rien :<br \/>\n\u27a1\ufe0f <a href=\"http:\/\/www.observatoire-transports-pays-de-la-loire.fr\/\">Portait du collectif V\u00e9lo Pays de la Loire par l&rsquo;ORTM<\/a><\/td>\n<\/tr>\n<\/tbody>\n<\/table>\n<p>&nbsp;<\/p>\n<h2><span class=\"ez-toc-section\" id=\"Lequipe_du_Collectif\"><\/span><strong>L&rsquo;\u00e9quipe du Collectif<\/strong><span class=\"ez-toc-section-end\"><\/span><\/h2>\n<p><a href=\"https:\/\/velo-pdl.fr\/index.php\/objectifs-du-collectif\/dc8ad034-88ad-470f-9d2f-745d8c8e3e71\/\" rel=\"attachment wp-att-2290\"><img loading=\"lazy\" decoding=\"async\" class=\"aligncenter size-full wp-image-2290\" src=\"https:\/\/velo-pdl.fr\/wp-content\/uploads\/2023\/09\/dc8ad034-88ad-470f-9d2f-745d8c8e3e71-e1736777948712.jpg\" alt=\"\" width=\"520\" height=\"364\" srcset=\"https:\/\/velo-pdl.fr\/wp-content\/uploads\/2023\/09\/dc8ad034-88ad-470f-9d2f-745d8c8e3e71-e1736777948712.jpg 520w, https:\/\/velo-pdl.fr\/wp-content\/uploads\/2023\/09\/dc8ad034-88ad-470f-9d2f-745d8c8e3e71-e1736777948712-300x210.jpg 300w\" sizes=\"auto, (max-width: 520px) 100vw, 520px\" \/><\/a><\/p>\n<p>&nbsp;<\/p>\n<h2><span class=\"ez-toc-section\" id=\"Rapports_bilan_dactivites\"><\/span>Rapports &amp; bilan d&rsquo;activit\u00e9s<span class=\"ez-toc-section-end\"><\/span><\/h2>\n<p><a href=\"https:\/\/velo-pdl.fr\/wp-content\/uploads\/2025\/06\/RA2024-2.pdf\">Rapport d&rsquo;activit\u00e9 2024\u00a0<\/a><br \/>\n<a href=\"https:\/\/drive.google.com\/file\/d\/19iOmiM_kEEflzdbeYiGvgaMJVEBPod-6\/view?usp=sharing\">Rapport d&rsquo;activit\u00e9 2023<\/a><br \/>\n<a href=\"https:\/\/drive.google.com\/file\/d\/1hwt25zeCCnvnxb10vPtIgEeWE-pbD-eD\/view?usp=sharing\">Rapport d&rsquo;activit\u00e9 2022<\/a><br \/>\n<a href=\"https:\/\/drive.google.com\/file\/d\/1GU6Rig2LO-bHQp8-FCYX1nsBQmAGZ-zT\/view?usp=sharing\">Rapport d&rsquo;activit\u00e9 2021<\/a><\/p>\n<p><a href=\"https:\/\/drive.google.com\/file\/d\/15Drf7GMeNB5FFGAZjUVQXUNtjf6J9Qs0\/view?usp=sharing\">Bilan des 3 ans d&rsquo;activit\u00e9s &#8211; 2023<\/a><\/p>\n","protected":false},"excerpt":{"rendered":"<p>Le Collectif\u00a0 Cr\u00e9e en 2020 de mani\u00e8re informelle autour de 18 associations fondatrices, le collectif V\u00e9lo Pays de la Loire est depuis octobre 2023 une f\u00e9d\u00e9ration d&rsquo;associations ind\u00e9pendante. Le Collectif [&hellip;]<\/p>\n","protected":false},"author":3,"featured_media":0,"parent":0,"menu_order":0,"comment_status":"closed","ping_status":"closed","template":"","meta":{"footnotes":""},"class_list":["post-756","page","type-page","status-publish","hentry"],"_links":{"self":[{"href":"https:\/\/velo-pdl.fr\/index.php\/wp-json\/wp\/v2\/pages\/756","targetHints":{"allow":["GET"]}}],"collection":[{"href":"https:\/\/velo-pdl.fr\/index.php\/wp-json\/wp\/v2\/pages"}],"about":[{"href":"https:\/\/velo-pdl.fr\/index.php\/wp-json\/wp\/v2\/types\/page"}],"author":[{"embeddable":true,"href":"https:\/\/velo-pdl.fr\/index.php\/wp-json\/wp\/v2\/users\/3"}],"replies":[{"embeddable":true,"href":"https:\/\/velo-pdl.fr\/index.php\/wp-json\/wp\/v2\/comments?post=756"}],"version-history":[{"count":62,"href":"https:\/\/velo-pdl.fr\/index.php\/wp-json\/wp\/v2\/pages\/756\/revisions"}],"predecessor-version":[{"id":4243,"href":"https:\/\/velo-pdl.fr\/index.php\/wp-json\/wp\/v2\/pages\/756\/revisions\/4243"}],"wp:attachment":[{"href":"https:\/\/velo-pdl.fr\/index.php\/wp-json\/wp\/v2\/media?parent=756"}],"curies":[{"name":"wp","href":"https:\/\/api.w.org\/{rel}","templated":true}]}}