{"id":3483,"date":"2025-02-14T14:59:13","date_gmt":"2025-02-14T13:59:13","guid":{"rendered":"https:\/\/velo-pdl.fr\/?page_id=3483"},"modified":"2026-02-11T10:40:05","modified_gmt":"2026-02-11T09:40:05","slug":"nos-partenaires-2","status":"publish","type":"page","link":"https:\/\/velo-pdl.fr\/index.php\/nos-partenaires-2\/","title":{"rendered":"Nos partenaires"},"content":{"rendered":"<div class=\"post__header\"><\/div>\n<div id=\"9e33f071-1494-47fd-9cef-14a1bfb17fb6_message\" class=\"post__body\">\n<div class=\"AutoHeight\">\n<div class=\"post-message post-message--expanded post-message--overflow\">\n<div class=\"post-message__text-container\">\n<div id=\"postMessageText_9e33f071-1494-47fd-9cef-14a1bfb17fb6\" class=\"post-message__text\" dir=\"auto\" tabindex=\"0\">\n<p>Le Collectif V\u00e9lo Pays de la Loire est soutenu par plusieurs partenaires et porte la voix des associations pour int\u00e9grer l&rsquo;expertise d&rsquo;usage aux politiques cyclables d\u00e9partementales et r\u00e9gionales.<br \/>\n<a href=\"https:\/\/velo-pdl.fr\/index.php\/objectifs-du-collectif\/logos-partenaires-cvpdl-2025\/\" rel=\"attachment wp-att-3051\"><img loading=\"lazy\" decoding=\"async\" class=\"aligncenter size-full wp-image-3051\" src=\"https:\/\/velo-pdl.fr\/wp-content\/uploads\/2025\/02\/logos-partenaires-CVPDL-2025.png\" alt=\"\" width=\"1022\" height=\"133\" srcset=\"https:\/\/velo-pdl.fr\/wp-content\/uploads\/2025\/02\/logos-partenaires-CVPDL-2025.png 1022w, https:\/\/velo-pdl.fr\/wp-content\/uploads\/2025\/02\/logos-partenaires-CVPDL-2025-300x39.png 300w, https:\/\/velo-pdl.fr\/wp-content\/uploads\/2025\/02\/logos-partenaires-CVPDL-2025-768x100.png 768w\" sizes=\"auto, (max-width: 1022px) 100vw, 1022px\" \/><\/a><\/p>\n<p>&nbsp;<\/p>\n<div id=\"ez-toc-container\" class=\"ez-toc-v2_0_82_2 counter-hierarchy ez-toc-counter ez-toc-grey ez-toc-container-direction\">\n<div class=\"ez-toc-title-container\">\n<p class=\"ez-toc-title\" style=\"cursor:inherit\">Table des mati\u00e8res<\/p>\n<span class=\"ez-toc-title-toggle\"><a href=\"#\" class=\"ez-toc-pull-right ez-toc-btn ez-toc-btn-xs ez-toc-btn-default ez-toc-toggle\" aria-label=\"Toggle Table of Content\"><span class=\"ez-toc-js-icon-con\"><span class=\"\"><span class=\"eztoc-hide\" style=\"display:none;\">Toggle<\/span><span class=\"ez-toc-icon-toggle-span\"><svg style=\"fill: #999;color:#999\" xmlns=\"http:\/\/www.w3.org\/2000\/svg\" class=\"list-377408\" width=\"20px\" height=\"20px\" viewBox=\"0 0 24 24\" fill=\"none\"><path d=\"M6 6H4v2h2V6zm14 0H8v2h12V6zM4 11h2v2H4v-2zm16 0H8v2h12v-2zM4 16h2v2H4v-2zm16 0H8v2h12v-2z\" fill=\"currentColor\"><\/path><\/svg><svg style=\"fill: #999;color:#999\" class=\"arrow-unsorted-368013\" xmlns=\"http:\/\/www.w3.org\/2000\/svg\" width=\"10px\" height=\"10px\" viewBox=\"0 0 24 24\" version=\"1.2\" baseProfile=\"tiny\"><path d=\"M18.2 9.3l-6.2-6.3-6.2 6.3c-.2.2-.3.4-.3.7s.1.5.3.7c.2.2.4.3.7.3h11c.3 0 .5-.1.7-.3.2-.2.3-.5.3-.7s-.1-.5-.3-.7zM5.8 14.7l6.2 6.3 6.2-6.3c.2-.2.3-.5.3-.7s-.1-.5-.3-.7c-.2-.2-.4-.3-.7-.3h-11c-.3 0-.5.1-.7.3-.2.2-.3.5-.3.7s.1.5.3.7z\"\/><\/svg><\/span><\/span><\/span><\/a><\/span><\/div>\n<nav><ul class='ez-toc-list ez-toc-list-level-1 ' ><li class='ez-toc-page-1 ez-toc-heading-level-2'><a class=\"ez-toc-link ez-toc-heading-1\" href=\"https:\/\/velo-pdl.fr\/index.php\/nos-partenaires-2\/#LEtat\" >L\u2019Etat<\/a><ul class='ez-toc-list-level-3' ><li class='ez-toc-heading-level-3'><a class=\"ez-toc-link ez-toc-heading-2\" href=\"https:\/\/velo-pdl.fr\/index.php\/nos-partenaires-2\/#Ademe_Pays_de_la_Loire\" >Ademe Pays de la Loire<\/a><\/li><li class='ez-toc-page-1 ez-toc-heading-level-3'><a class=\"ez-toc-link ez-toc-heading-3\" href=\"https:\/\/velo-pdl.fr\/index.php\/nos-partenaires-2\/#Le_Fond_de_Developpement_de_la_Vie_associative\" >Le Fond de D\u00e9veloppement de la Vie associative<\/a><\/li><\/ul><\/li><li class='ez-toc-page-1 ez-toc-heading-level-2'><a class=\"ez-toc-link ez-toc-heading-4\" href=\"https:\/\/velo-pdl.fr\/index.php\/nos-partenaires-2\/#Les_Collectivites_locales\" >Les Collectivit\u00e9s locales<\/a><ul class='ez-toc-list-level-3' ><li class='ez-toc-heading-level-3'><a class=\"ez-toc-link ez-toc-heading-5\" href=\"https:\/\/velo-pdl.fr\/index.php\/nos-partenaires-2\/#Region_Pays_de_la_Loire\" >R\u00e9gion Pays de la Loire<\/a><\/li><li class='ez-toc-page-1 ez-toc-heading-level-3'><a class=\"ez-toc-link ez-toc-heading-6\" href=\"https:\/\/velo-pdl.fr\/index.php\/nos-partenaires-2\/#Departement_de_la_Loire_Atlantique\" >D\u00e9partement de la Loire Atlantique<\/a><\/li><li class='ez-toc-page-1 ez-toc-heading-level-3'><a class=\"ez-toc-link ez-toc-heading-7\" href=\"https:\/\/velo-pdl.fr\/index.php\/nos-partenaires-2\/#Departement_de_la_Mayenne\" >D\u00e9partement de la Mayenne<\/a><\/li><li class='ez-toc-page-1 ez-toc-heading-level-3'><a class=\"ez-toc-link ez-toc-heading-8\" href=\"https:\/\/velo-pdl.fr\/index.php\/nos-partenaires-2\/#Departement_du_Maine_et_Loire\" >D\u00e9partement du Maine et Loire<\/a><\/li><li class='ez-toc-page-1 ez-toc-heading-level-3'><a class=\"ez-toc-link ez-toc-heading-9\" href=\"https:\/\/velo-pdl.fr\/index.php\/nos-partenaires-2\/#Departement_de_la_Vendee\" >D\u00e9partement de la Vend\u00e9e<\/a><\/li><\/ul><\/li><\/ul><\/nav><\/div>\n<h2><span class=\"ez-toc-section\" id=\"LEtat\"><\/span><strong>L\u2019Etat<\/strong><span class=\"ez-toc-section-end\"><\/span><\/h2>\n<p>&nbsp;<\/p>\n<h3><span class=\"ez-toc-section\" id=\"Ademe_Pays_de_la_Loire\"><\/span><strong><img loading=\"lazy\" decoding=\"async\" class=\"\" src=\"https:\/\/upload.wikimedia.org\/wikipedia\/fr\/thumb\/6\/67\/Logo_ADEME.svg\/2560px-Logo_ADEME.svg.png\" alt=\"Fichier:Logo ADEME.svg \u2014 Wikip\u00e9dia\" width=\"273\" height=\"134\" \/><br \/>\nAdeme Pays de la Loire<\/strong><span class=\"ez-toc-section-end\"><\/span><\/h3>\n<p>Premier financeur du collectif, d\u00e8s 2019, l\u2019Ademe Pays de la Loire soutient le Collectif V\u00e9lo Pays de la Loire via des conventions relais, permettant de financer une partie des postes de charg\u00e9es de mission ainsi qu\u2019une part des frais techniques d\u2019animations et de communication. L\u2019objectif commun qui lie l\u2019Ademe PDL et le Collectif : mailler toutes les intercommunalit\u00e9s des Pays de la Loire avec des associations repr\u00e9sentatives des usag\u00e8res et usagers des Pays de la Loire, afin d\u2019int\u00e9grer le regard usager dans les politiques cyclables dessin\u00e9es localement et ainsi soutenir l\u2019action des personnes occupant des postes financ\u00e9s par l\u2019Ademe. La seconde convention relais est amen\u00e9e \u00e0 se cl\u00f4turer le 12 octobre 2026.<\/p>\n<h2><\/h2>\n<p><img loading=\"lazy\" decoding=\"async\" class=\"\" src=\"https:\/\/encrypted-tbn0.gstatic.com\/images?q=tbn:ANd9GcRoKP86t_V-5I0cjVCeFVK1p50qzamYY6ROnQ&amp;s\" alt=\"FDVA | Appel \u00e0 projets : Fonds pour D\u00e9veloppement de la Vie ...\" width=\"268\" height=\"134\" \/><\/p>\n<h3><span class=\"ez-toc-section\" id=\"Le_Fond_de_Developpement_de_la_Vie_associative\"><\/span><strong>Le Fond de D\u00e9veloppement de la Vie associative<\/strong><span class=\"ez-toc-section-end\"><\/span><\/h3>\n<p>Le Fond de D\u00e9veloppement de la Vie associative soutient le Collectif depuis 2021, d\u2019abord la cr\u00e9ation du collectif via le FDVA 2 puis la formation des b\u00e9n\u00e9voles via le FDVA1, s\u2019inscrivant dans l\u2019objectif de mont\u00e9e en comp\u00e9tences des b\u00e9n\u00e9voles sur la r\u00e9gion.<\/p>\n<p>&nbsp;<\/p>\n<h2><span class=\"ez-toc-section\" id=\"Les_Collectivites_locales\"><\/span><strong>Les Collectivit\u00e9s locales<\/strong><span class=\"ez-toc-section-end\"><\/span><\/h2>\n<p>&nbsp;<\/p>\n<p><img loading=\"lazy\" decoding=\"async\" class=\"\" src=\"https:\/\/www.paysdelaloire.fr\/sites\/default\/files\/styles\/content_half\/public\/2022-09\/logo-fonds-blanc.png?itok=05lKVX8a\" alt=\"Agrandissement de l'image\" width=\"297\" height=\"162\" \/><\/p>\n<h3><span class=\"ez-toc-section\" id=\"Region_Pays_de_la_Loire\"><\/span><strong>R\u00e9gion Pays de la Loire<\/strong><span class=\"ez-toc-section-end\"><\/span><\/h3>\n<p>La r\u00e9gion Pays de la Loire soutient le collectif depuis mai 2020, \u00e0 hauteur d\u2019un quart du budget. Cela permet au collectif de financer le soutien aux associations pour d\u00e9velopper les associations et services sur le territoire, ainsi qu\u2019accompagner la r\u00e9gion sur les enjeux et sujets v\u00e9los. Les dossiers que nous portons avec la r\u00e9gion rel\u00e8vent de ses comp\u00e9tences historiques et issues de la LOM. Nous partageons nos analyses lors de la journ\u00e9e r\u00e9gionale des mobilit\u00e9s actives, du Comit\u00e9 r\u00e9gional des partenaires, de la COP r\u00e9gionale, aupr\u00e8s du CESER ou lors d\u2019\u00e9changes bilat\u00e9raux sur l\u2019intermodalit\u00e9, le CPER.<\/p>\n<p>&nbsp;<\/p>\n<p><img loading=\"lazy\" decoding=\"async\" class=\"\" src=\"https:\/\/upload.wikimedia.org\/wikipedia\/fr\/thumb\/9\/96\/Logo_cg_loire-atlantique.svg\/1280px-Logo_cg_loire-atlantique.svg.png\" alt=\"Fichier:Logo cg loire-atlantique.svg \u2014 Wikip\u00e9dia\" width=\"234\" height=\"129\" \/><\/p>\n<h3><span class=\"ez-toc-section\" id=\"Departement_de_la_Loire_Atlantique\"><\/span><strong>D\u00e9partement de la Loire Atlantique<\/strong><span class=\"ez-toc-section-end\"><\/span><\/h3>\n<p>Le D\u00e9partement de Loire Atlantique est un soutien historique du Collectif, avant m\u00eame que celui-ci ne soit constitu\u00e9, dans une logique d\u2019essaimage et de formation du r\u00e9seau. Nous intervenons \u00e0 la demande du d\u00e9partement dans la construction d\u2019avis usagers sur des am\u00e9nagements ou projets en lien avec le v\u00e9lo, notamment les projets de liaison inter-bourgs (partage des chemins ruraux, ouvrages de franchissement de Loire, CVCB, am\u00e9nagements de d\u00e9partementales\u2026).<\/p>\n<p>&nbsp;<\/p>\n<p><img loading=\"lazy\" decoding=\"async\" class=\"\" src=\"https:\/\/encrypted-tbn0.gstatic.com\/images?q=tbn:ANd9GcQkDHIA2CGHuvoBm1vPqby5tIgeh5PCsu3XNg&amp;s\" alt=\"D\u00e9partement de la Mayenne\" width=\"155\" height=\"155\" \/><\/p>\n<h3><span class=\"ez-toc-section\" id=\"Departement_de_la_Mayenne\"><\/span><strong>D\u00e9partement de la Mayenne<\/strong><span class=\"ez-toc-section-end\"><\/span><\/h3>\n<p>Le D\u00e9partement de la Mayenne soutient le collectif depuis 2022, dans une logique d\u2019essaimage et de soutien aux associations locales, mais aussi dans un soutien aux communaut\u00e9s de communes ou au d\u00e9partement, via des avis fond\u00e9s sur l\u2019expertise d\u2019usage, le changement de pratiques ainsi que la veille sur les actualit\u00e9s et opportunit\u00e9s li\u00e9es au v\u00e9lo.<\/p>\n<h3><span class=\"ez-toc-section\" id=\"Departement_du_Maine_et_Loire\"><\/span><img loading=\"lazy\" decoding=\"async\" class=\"\" src=\"https:\/\/www.maine-et-loire.fr\/fileadmin\/Departement\/Conseil-departemental\/Charte_2023\/Departement_Anjou_rvb.jpg\" width=\"253\" height=\"136\" \/><br \/>\n<strong>D\u00e9partement du Maine et Loire<\/strong><span class=\"ez-toc-section-end\"><\/span><\/h3>\n<p>Le d\u00e9partement de Maine et Loire soutient le Collectif depuis 2023, dans une logique d\u2019essaimage, de soutien aux associations et de formations. Nous avons par le pass\u00e9 particip\u00e9 aux ateliers portant sur le nouveau plan v\u00e9lo d\u00e9partemental, en lien avec les associations locales. Nous \u00e9mettons r\u00e9guli\u00e8rement des avis sur des projets d\u2019am\u00e9nagements d\u2019intercommunalit\u00e9s du 49, en lien avec les associations locales. L\u2019\u00e9comobilit\u00e9 scolaire est un des sujets qui anime nos \u00e9changes avec le CD49.<br \/>\n<img loading=\"lazy\" decoding=\"async\" class=\"\" src=\"https:\/\/www.willow-creation.com\/wp-content\/mediafiles\/2018\/09\/logo-departementvendee.svg\" alt=\"Conseil D\u00e9partemental de la Vend\u00e9e - Willow Cr\u00e9ation\" width=\"229\" height=\"229\" \/><\/p>\n<h3><span class=\"ez-toc-section\" id=\"Departement_de_la_Vendee\"><\/span><strong>D\u00e9partement de la Vend\u00e9e<\/strong><span class=\"ez-toc-section-end\"><\/span><\/h3>\n<p>Le D\u00e9partement de la Vend\u00e9e soutient le collectif depuis 2025, dans une logique d\u2019essaimage et de soutien aux associations locales.<br \/>\nLe collectif a \u00e9galement un r\u00f4le d&rsquo;analyse des besoins et des pratiques des personnes cyclistes, et de celles souhaitant passer le cap du v\u00e9lo, \u00e0 l&rsquo;\u00e9chelle du territoire, pour lequel le collectif intervient notamment dans le cadre de la Communaut\u00e9 Vend\u00e9enne V\u00e9lo.<\/p>\n<\/div>\n\n<table id=\"tablepress-5\" class=\"tablepress tablepress-id-5\">\n<thead>\n<tr class=\"row-1\">\n\t<th class=\"column-1\">Financeur<\/th><th class=\"column-2\">Type de financement<\/th><th class=\"column-3\">Montant<\/th>\n<\/tr>\n<\/thead>\n<tbody class=\"row-striping row-hover\">\n<tr class=\"row-2\">\n\t<td class=\"column-1\">ADEME Pays de la Loire<\/td><td class=\"column-2\">Convention relais 2023 - 2026<\/td><td class=\"column-3\">50 000\u20ac par an<\/td>\n<\/tr>\n<tr class=\"row-3\">\n\t<td class=\"column-1\">R\u00e9gion Pays de la Loire<\/td><td class=\"column-2\">CPO (convention pluriannuelle d\u2019objectifs) 2024 - 2027<br \/>\n<\/td><td class=\"column-3\">30 000\u20ac par an<\/td>\n<\/tr>\n<tr class=\"row-4\">\n\t<td class=\"column-1\">Conseil D\u00e9partemental de Loire Atlantique - 44<\/td><td class=\"column-2\">CPO 2024 - 2026<\/td><td class=\"column-3\">10 000\u20ac par an<\/td>\n<\/tr>\n<tr class=\"row-5\">\n\t<td class=\"column-1\">Conseil D\u00e9partemental de Maine-et-Loire - 49<\/td><td class=\"column-2\">CPO 2023 - 2026<\/td><td class=\"column-3\">10 000\u20ac par an<\/td>\n<\/tr>\n<tr class=\"row-6\">\n\t<td class=\"column-1\">Conseil D\u00e9partemental de la Mayenne - 53<\/td><td class=\"column-2\">Convention pluriannuelle 2023 - 2025<\/td><td class=\"column-3\">7 000 \u20ac par an<\/td>\n<\/tr>\n<tr class=\"row-7\">\n\t<td class=\"column-1\">Conseil D\u00e9partemental de Vend\u00e9e - 85<\/td><td class=\"column-2\">Convention annuelle<\/td><td class=\"column-3\">4 000 \u20ac par an<\/td>\n<\/tr>\n<tr class=\"row-8\">\n\t<td class=\"column-1\">Fonds de D\u00e9veloppement de la Vie Associative<\/td><td class=\"column-2\">Convention pluriannuelle 2023- 2025<\/td><td class=\"column-3\">3 500\u20ac par an<\/td>\n<\/tr>\n<tr class=\"row-9\">\n\t<td class=\"column-1\">Prestations en r\u00e9gion<\/td><td class=\"column-2\">Ponctuel, formations essentiellement<\/td><td class=\"column-3\">3 000 \u20ac par an<\/td>\n<\/tr>\n<tr class=\"row-10\">\n\t<td class=\"column-1\">FUB<\/td><td class=\"column-2\">Appel \u00e0 projet financant l'organisation d'une rencontre entre les associations du collectif <\/td><td class=\"column-3\">2 000 \u20ac<\/td>\n<\/tr>\n<\/tbody>\n<\/table>\n<!-- #tablepress-5 from cache -->\n<\/div>\n<\/div>\n<\/div>\n<\/div>\n","protected":false},"excerpt":{"rendered":"<p>Le Collectif V\u00e9lo Pays de la Loire est soutenu par plusieurs partenaires et porte la voix des associations pour int\u00e9grer l&rsquo;expertise d&rsquo;usage aux politiques cyclables d\u00e9partementales et r\u00e9gionales. &nbsp; L\u2019Etat [&hellip;]<\/p>\n","protected":false},"author":6,"featured_media":0,"parent":0,"menu_order":0,"comment_status":"closed","ping_status":"closed","template":"","meta":{"footnotes":""},"class_list":["post-3483","page","type-page","status-publish","hentry"],"_links":{"self":[{"href":"https:\/\/velo-pdl.fr\/index.php\/wp-json\/wp\/v2\/pages\/3483","targetHints":{"allow":["GET"]}}],"collection":[{"href":"https:\/\/velo-pdl.fr\/index.php\/wp-json\/wp\/v2\/pages"}],"about":[{"href":"https:\/\/velo-pdl.fr\/index.php\/wp-json\/wp\/v2\/types\/page"}],"author":[{"embeddable":true,"href":"https:\/\/velo-pdl.fr\/index.php\/wp-json\/wp\/v2\/users\/6"}],"replies":[{"embeddable":true,"href":"https:\/\/velo-pdl.fr\/index.php\/wp-json\/wp\/v2\/comments?post=3483"}],"version-history":[{"count":6,"href":"https:\/\/velo-pdl.fr\/index.php\/wp-json\/wp\/v2\/pages\/3483\/revisions"}],"predecessor-version":[{"id":4359,"href":"https:\/\/velo-pdl.fr\/index.php\/wp-json\/wp\/v2\/pages\/3483\/revisions\/4359"}],"wp:attachment":[{"href":"https:\/\/velo-pdl.fr\/index.php\/wp-json\/wp\/v2\/media?parent=3483"}],"curies":[{"name":"wp","href":"https:\/\/api.w.org\/{rel}","templated":true}]}}