{"id":3460,"date":"2025-02-14T14:30:28","date_gmt":"2025-02-14T13:30:28","guid":{"rendered":"https:\/\/velo-pdl.fr\/?page_id=3460"},"modified":"2025-02-14T15:38:37","modified_gmt":"2025-02-14T14:38:37","slug":"le-velo-sur-tous-les-territoires","status":"publish","type":"page","link":"https:\/\/velo-pdl.fr\/index.php\/le-velo-sur-tous-les-territoires\/","title":{"rendered":"Le v\u00e9lo sur tous les territoires"},"content":{"rendered":"<div id=\"ez-toc-container\" class=\"ez-toc-v2_0_80 counter-hierarchy ez-toc-counter ez-toc-grey ez-toc-container-direction\">\n<div class=\"ez-toc-title-container\">\n<p class=\"ez-toc-title\" style=\"cursor:inherit\">Table des mati\u00e8res<\/p>\n<span class=\"ez-toc-title-toggle\"><a href=\"#\" class=\"ez-toc-pull-right ez-toc-btn ez-toc-btn-xs ez-toc-btn-default ez-toc-toggle\" aria-label=\"Toggle Table of Content\"><span class=\"ez-toc-js-icon-con\"><span class=\"\"><span class=\"eztoc-hide\" style=\"display:none;\">Toggle<\/span><span class=\"ez-toc-icon-toggle-span\"><svg style=\"fill: #999;color:#999\" xmlns=\"http:\/\/www.w3.org\/2000\/svg\" class=\"list-377408\" width=\"20px\" height=\"20px\" viewBox=\"0 0 24 24\" fill=\"none\"><path d=\"M6 6H4v2h2V6zm14 0H8v2h12V6zM4 11h2v2H4v-2zm16 0H8v2h12v-2zM4 16h2v2H4v-2zm16 0H8v2h12v-2z\" fill=\"currentColor\"><\/path><\/svg><svg style=\"fill: #999;color:#999\" class=\"arrow-unsorted-368013\" xmlns=\"http:\/\/www.w3.org\/2000\/svg\" width=\"10px\" height=\"10px\" viewBox=\"0 0 24 24\" version=\"1.2\" baseProfile=\"tiny\"><path d=\"M18.2 9.3l-6.2-6.3-6.2 6.3c-.2.2-.3.4-.3.7s.1.5.3.7c.2.2.4.3.7.3h11c.3 0 .5-.1.7-.3.2-.2.3-.5.3-.7s-.1-.5-.3-.7zM5.8 14.7l6.2 6.3 6.2-6.3c.2-.2.3-.5.3-.7s-.1-.5-.3-.7c-.2-.2-.4-.3-.7-.3h-11c-.3 0-.5.1-.7.3-.2.2-.3.5-.3.7s.1.5.3.7z\"\/><\/svg><\/span><\/span><\/span><\/a><\/span><\/div>\n<nav><ul class='ez-toc-list ez-toc-list-level-1 ' ><li class='ez-toc-page-1 ez-toc-heading-level-4'><a class=\"ez-toc-link ez-toc-heading-1\" href=\"https:\/\/velo-pdl.fr\/index.php\/le-velo-sur-tous-les-territoires\/#Audition_du_collectif_par_le_CESER_pour_porter_la_voix_des_usageres_et_usagers_velo\" >Audition du collectif par le CESER pour porter la voix des usag\u00e8res et usagers v\u00e9lo<\/a><\/li><li class='ez-toc-page-1 ez-toc-heading-level-4'><a class=\"ez-toc-link ez-toc-heading-2\" href=\"https:\/\/velo-pdl.fr\/index.php\/le-velo-sur-tous-les-territoires\/#_Co-contruction_dun_avis_usagers_sur_les_liaisons_inter-bourgs_du_departement_de_Loire_%E2%80%93_Atlantique\" >\u00a0 \u00a0 \u00a0 \u00a0 \u00a0 Co-contruction d\u2019un avis usagers sur les liaisons inter-bourgs du d\u00e9partement de Loire \u2013 Atlantique<\/a><\/li><\/ul><\/nav><\/div>\n<h4 style=\"padding-left: 40px; text-align: left;\"><span class=\"ez-toc-section\" id=\"Audition_du_collectif_par_le_CESER_pour_porter_la_voix_des_usageres_et_usagers_velo\"><\/span><strong>Audition du collectif par le CESER pour porter la voix des usag\u00e8res et usagers v\u00e9lo<\/strong><span class=\"ez-toc-section-end\"><\/span><\/h4>\n<p style=\"text-align: left;\">Le <a href=\"https:\/\/ceser.paysdelaloire.fr\/\">CESER<\/a>, Conseil Economique Social Environnemental R\u00e9gional des Pays de la Loire, est une assembl\u00e9e consultative de la R\u00e9gion repr\u00e9sentant la soci\u00e9t\u00e9 civile. Son r\u00f4le est de produire des diagnostics, des analyses prospectives ainsi que des pr\u00e9conisations, et ce, afin d&rsquo;\u00e9clairer les politiques au plan r\u00e9gional.<br \/>\nCes publications sont le fruit d&rsquo;un travail aliment\u00e9 par les <span class=\"ui-provider\">propositions des organismes qui si\u00e8gent au CESER, ainsi que celles des acteurs du territoire qui \u0153uvrent en lien avec les th\u00e9matiques \u00e9tudi\u00e9es.<\/span><\/p>\n<p style=\"text-align: left;\"><span class=\"ui-provider\">C&rsquo;est donc dans le cadre d&rsquo;une \u00e9tude men\u00e9e sur les mobilit\u00e9s, que le Collectif V\u00e9lo Pays de la Loire a \u00e9t\u00e9 auditionn\u00e9e par la commission en charge de cette \u00e9tude, afin de conna\u00eetre les attentes du collectif envers le Conseil R\u00e9gional en mati\u00e8re de politique cyclable.<\/span><br \/>\nA cette occasion, le collectif a ainsi pu r\u00e9affirmer les int\u00e9r\u00eats et les enjeux du d\u00e9veloppement du v\u00e9lo, ainsi que les demandes formul\u00e9es sur l&rsquo;intermodalit\u00e9, en lien direct avec notre travail quotidien avec la r\u00e9gion, particuli\u00e8rement notre audit sur les gares.<\/p>\n<p style=\"text-align: left;\">En plus de l&rsquo;\u00e9quipe salari\u00e9e, 3 porte-paroles d\u00e9partementaux \u00e9taient pr\u00e9sents : Place au V\u00e9lo Laval, Place au V\u00e9lo Angers et Place au V\u00e9lo Nantes.<\/p>\n<p style=\"text-align: left;\"><a href=\"https:\/\/drive.google.com\/file\/d\/1xvyYpTiLHkGbBRswP_ZeHvxHX-oLlWC8\/view\">Rapport audition CESER &#8211; juillet 2023<\/a><\/p>\n<h4><span class=\"ez-toc-section\" id=\"_Co-contruction_dun_avis_usagers_sur_les_liaisons_inter-bourgs_du_departement_de_Loire_%E2%80%93_Atlantique\"><\/span><strong>\u00a0 \u00a0 \u00a0 \u00a0 \u00a0 Co-contruction d\u2019un avis usagers sur les liaisons inter-bourgs du d\u00e9partement de Loire \u2013 Atlantique<\/strong><span class=\"ez-toc-section-end\"><\/span><\/h4>\n<p style=\"text-align: left;\">Dans le cadre de son projet strat\u00e9gique (2021-2028), le d\u00e9partement s\u2019est fix\u00e9 comme objectif de\u00a0<strong>relier l\u2019ensemble des communes par des liaisons cyclables.<br \/>\n<\/strong>Le collectif travaille avec les associations membres dont le territoire d\u2019action couvre les liaisons identifi\u00e9es, afin de construire un avis d\u2019usagers sur les projets envisag\u00e9s pour les itin\u00e9raires en question.<br \/>\n<a href=\"https:\/\/www.loire-atlantique.fr\/upload\/docs\/application\/pdf\/2022-12\/operations_damenagements_cyclables_2023.pdf\">Carte des programme d\u2019\u00e9tudes et de travaux 2023<\/a><\/p>\n","protected":false},"excerpt":{"rendered":"<p>Audition du collectif par le CESER pour porter la voix des usag\u00e8res et usagers v\u00e9lo Le CESER, Conseil Economique Social Environnemental R\u00e9gional des Pays de la Loire, est une assembl\u00e9e [&hellip;]<\/p>\n","protected":false},"author":6,"featured_media":0,"parent":0,"menu_order":0,"comment_status":"closed","ping_status":"closed","template":"","meta":{"footnotes":""},"class_list":["post-3460","page","type-page","status-publish","hentry"],"_links":{"self":[{"href":"https:\/\/velo-pdl.fr\/index.php\/wp-json\/wp\/v2\/pages\/3460","targetHints":{"allow":["GET"]}}],"collection":[{"href":"https:\/\/velo-pdl.fr\/index.php\/wp-json\/wp\/v2\/pages"}],"about":[{"href":"https:\/\/velo-pdl.fr\/index.php\/wp-json\/wp\/v2\/types\/page"}],"author":[{"embeddable":true,"href":"https:\/\/velo-pdl.fr\/index.php\/wp-json\/wp\/v2\/users\/6"}],"replies":[{"embeddable":true,"href":"https:\/\/velo-pdl.fr\/index.php\/wp-json\/wp\/v2\/comments?post=3460"}],"version-history":[{"count":4,"href":"https:\/\/velo-pdl.fr\/index.php\/wp-json\/wp\/v2\/pages\/3460\/revisions"}],"predecessor-version":[{"id":3531,"href":"https:\/\/velo-pdl.fr\/index.php\/wp-json\/wp\/v2\/pages\/3460\/revisions\/3531"}],"wp:attachment":[{"href":"https:\/\/velo-pdl.fr\/index.php\/wp-json\/wp\/v2\/media?parent=3460"}],"curies":[{"name":"wp","href":"https:\/\/api.w.org\/{rel}","templated":true}]}}