{"id":1576,"date":"2022-06-21T15:33:19","date_gmt":"2022-06-21T13:33:19","guid":{"rendered":"https:\/\/velo-paysdelaloire.fr\/?page_id=1576"},"modified":"2025-04-23T15:20:24","modified_gmt":"2025-04-23T13:20:24","slug":"je-suis-cycliste","status":"publish","type":"page","link":"https:\/\/velo-pdl.fr\/index.php\/je-suis-cycliste\/","title":{"rendered":"Je suis cycliste"},"content":{"rendered":"<p>Le d\u00e9veloppement du v\u00e9lo comme moyen de d\u00e9placement du quotidien te tient \u00e0 c\u0153ur ? Il existe diff\u00e9rents moyens de s&rsquo;investir ! <\/p>\n<h3 id=\"faq-je-souhaite-agir-pour-le-developpement-du-velo\" class=\"arconix-faq-term-title arconix-faq-term-je-souhaite-agir-pour-le-developpement-du-velo\">Je souhaite agir pour le d\u00e9veloppement du v\u00e9lo<\/h3><div class=\"arconix-faq-accordion-wrap\"><div id=\"faq-1645\" class=\"arconix-faq-accordion-title\">Je veux cr\u00e9er une association locale \ud83d\udca1<\/div><div id=\"faq-Jeveuxcreruneassociationlocale\" class=\"arconix-faq-accordion-content\"><p>Tu souhaites cr\u00e9er une association locale ou tu te poses des questions sur la pertinence d&rsquo;un mod\u00e8le associatif pour d\u00e9fendre l&rsquo;utilisation du v\u00e9lo comme un moyen de d\u00e9placement du quotidien en Pays de la Loire ?<\/p>\n<p>Le Collectif V\u00e9lo Pays de la Loire peut outiller et accompagner les citoyens et les citoyennes dans la cr\u00e9ation d&rsquo;une association. N&rsquo;h\u00e9site pas \u00e0 nous contacter par mail \u00e0 <a href=\"mailto:contact@velo-pdl.fr\">contact@velo-pdl.fr<\/a><\/p>\n<p>N&rsquo;h\u00e9sites pas \u00e0 consulter le guide r\u00e9alis\u00e9 par le Collectif, sur la base du travail men\u00e9 par la FUB : <a href=\"https:\/\/drive.google.com\/file\/d\/19aIQBRcTp25FymWrGZcJBe7CtbriNC3G\/view?usp=sharing\">Guide pour cr\u00e9er et animer une association pro-v\u00e9lo en Pays de la Loire<\/a><\/p>\n<\/div><div id=\"faq-1648\" class=\"arconix-faq-accordion-title\">Je veux m&rsquo;investir localement \ud83d\udccd<\/div><div id=\"faq-Jeveuxmrsquoinvestirlocalement\" class=\"arconix-faq-accordion-content\"><p>Tu veux t&rsquo;investir pr\u00e8s de chez toi pour participer au d\u00e9veloppement du v\u00e9lo ?<\/p>\n<p>N&rsquo;h\u00e9site pas \u00e0 contacter une association membre du Collectif pr\u00e8s de chez toi !<\/p>\n<h4>La carte pour trouver l&rsquo;association la plus proche<\/h4>\n<p><iframe loading=\"lazy\" src=\"\/\/umap.openstreetmap.fr\/fr\/map\/collectif-velo-pays-de-la-loire_604758?scaleControl=false&amp;miniMap=false&amp;scrollWheelZoom=false&amp;zoomControl=true&amp;allowEdit=false&amp;moreControl=true&amp;searchControl=null&amp;tilelayersControl=null&amp;embedControl=null&amp;datalayersControl=true&amp;onLoadPanel=undefined&amp;captionBar=false#7\/47.417\/-0.703\" width=\"100%\" height=\"350px\" frameborder=\"0\"><span data-mce-type=\"bookmark\" style=\"display: inline-block; width: 0px; overflow: hidden; line-height: 0;\" class=\"mce_SELRES_start\">\ufeff<\/span><\/iframe><\/p>\n<h4>L&rsquo;annuaire des associations et de leurs activit\u00e9s<\/h4>\n<a href=\"https:\/\/velo-pdl.fr\/wp-content\/uploads\/2022\/06\/annuaire-Collectif-Velo-Pays-de-la-Loire-Mis-a-jour-1.pdf\" class=\"pdfemb-viewer\" style=\"\" data-width=\"max\" data-height=\"max\" data-toolbar=\"bottom\" data-toolbar-fixed=\"off\">annuaire-Collectif-Velo-Pays-de-la-Loire-Mis-a-jour- (1)<\/a>\n<\/div><div id=\"faq-1656\" class=\"arconix-faq-accordion-title\">Je veux m&rsquo;investir pour le Collectif  \ud83d\udce2<\/div><div id=\"faq-JeveuxmrsquoinvestirpourleCollectif\" class=\"arconix-faq-accordion-content\"><p>Participer au d\u00e9veloppement du v\u00e9lo \u00e0 l&rsquo;\u00e9chelle de la r\u00e9gion des Pays de la Loire ou \u00e0 l&rsquo;\u00e9chelle d&rsquo;un des d\u00e9partements t&rsquo;int\u00e9resse ? Tu peux t&rsquo;investir au sein du Collectif Pays de la Loire !<\/p>\n<p>On a besoin d&rsquo;aide b\u00e9n\u00e9vole pour diff\u00e9rentes missions :<\/p>\n<h3 id=\"faq-les-missions-possibles\" class=\"arconix-faq-term-title arconix-faq-term-les-missions-possibles\">Les missions possibles<\/h3><div class=\"arconix-faq-accordion-wrap\"><div id=\"faq-1877\" class=\"arconix-faq-accordion-title\">Veille informationnelle \ud83d\udcf0<\/div><div id=\"faq-Veilleinformationnelle\" class=\"arconix-faq-accordion-content\"><p>Faire une veille informationnelle m\u00e9dias et r\u00e9seaux sociaux \u00e0 l&rsquo;\u00e9chelle nationale, des Pays de la Loire et des d\u00e9partements de la r\u00e9gion sur les sujets li\u00e9s \u00e0 la mobilit\u00e9 de mani\u00e8re g\u00e9n\u00e9rale, au v\u00e9lo, \u00e0 la gestion associative&#8230;<\/p>\n<\/div><div id=\"faq-1879\" class=\"arconix-faq-accordion-title\">Veille sur les s\u00e9quences de vote \ud83d\uddf3<\/div><div id=\"faq-Veillesurlessquencesdevote\" class=\"arconix-faq-accordion-content\"><p>Faire une veille sur les s\u00e9quences de votes \u00e0 l&rsquo;\u00e9chelle des Pays de la Loire et des d\u00e9partements de la r\u00e9gion : date des assembl\u00e9es r\u00e9gionales, des  d\u00e9lib\u00e9rations des commissions permanentes, des sessions d\u00e9partementales&#8230; <\/p>\n<\/div><div id=\"faq-1882\" class=\"arconix-faq-accordion-title\">Evaluation des itin\u00e9raires cyclables d\u00e9partementaux \ud83d\udeb4\u200d\u2640\ufe0f<\/div><div id=\"faq-Evaluationdesitinrairescyclablesdpartementaux\" class=\"arconix-faq-accordion-content\"><p>Evaluer la qualit\u00e9 des itin\u00e9raires et relever les probl\u00e8mes rencontr\u00e9s : accessibilit\u00e9, qualit\u00e9 du rev\u00eatement, s\u00e9curit\u00e9&#8230; et faire un retour aux salari\u00e9.es du Collectif<\/p>\n<\/div><div id=\"faq-1884\" class=\"arconix-faq-accordion-title\">Evaluation de la cyclabilit\u00e9 des gares \ud83d\ude84<\/div><div id=\"faq-Evaluationdelacyclabilitdesgares\" class=\"arconix-faq-accordion-content\"><p>Evaluer la cyclabilit\u00e9 des gares : information disponible, trajet cyclable pour se rendre \u00e0 la gare, stationnement v\u00e9lo, services en gare, emport du v\u00e9lo dans le train&#8230;<\/p>\n<\/div><\/div>\n<p>&nbsp;<\/p>\n<p>Si certaines de ces missions t&rsquo;int\u00e9ressent, n&rsquo;h\u00e9site pas \u00e0 nous contacter par mail \u00e0 <a href=\"mailto:contact@velo-pdl.fr\">contact@velo-pdl.fr<\/a> !<\/p>\n<\/div><\/div>\n","protected":false},"excerpt":{"rendered":"<p>Le d\u00e9veloppement du v\u00e9lo comme moyen de d\u00e9placement du quotidien te tient \u00e0 c\u0153ur ? Il existe diff\u00e9rents moyens de s&rsquo;investir !<\/p>\n","protected":false},"author":1,"featured_media":0,"parent":0,"menu_order":0,"comment_status":"closed","ping_status":"closed","template":"","meta":{"footnotes":""},"class_list":["post-1576","page","type-page","status-publish","hentry"],"_links":{"self":[{"href":"https:\/\/velo-pdl.fr\/index.php\/wp-json\/wp\/v2\/pages\/1576","targetHints":{"allow":["GET"]}}],"collection":[{"href":"https:\/\/velo-pdl.fr\/index.php\/wp-json\/wp\/v2\/pages"}],"about":[{"href":"https:\/\/velo-pdl.fr\/index.php\/wp-json\/wp\/v2\/types\/page"}],"author":[{"embeddable":true,"href":"https:\/\/velo-pdl.fr\/index.php\/wp-json\/wp\/v2\/users\/1"}],"replies":[{"embeddable":true,"href":"https:\/\/velo-pdl.fr\/index.php\/wp-json\/wp\/v2\/comments?post=1576"}],"version-history":[{"count":5,"href":"https:\/\/velo-pdl.fr\/index.php\/wp-json\/wp\/v2\/pages\/1576\/revisions"}],"predecessor-version":[{"id":1653,"href":"https:\/\/velo-pdl.fr\/index.php\/wp-json\/wp\/v2\/pages\/1576\/revisions\/1653"}],"wp:attachment":[{"href":"https:\/\/velo-pdl.fr\/index.php\/wp-json\/wp\/v2\/media?parent=1576"}],"curies":[{"name":"wp","href":"https:\/\/api.w.org\/{rel}","templated":true}]}}